se -y = 4*y - q. What is the remainder when 5 is divided by y?
1
Let u = -130 + 238. Calculate the remainder when u is divided by 22.
20
Let w = 28 + -18. Calculate the remainder when 67 is divided by w.
7
Suppose 2*b + 0 - 4 = 0. Suppose -b*z + 5 = 3*z. Let o = -65 - -66. Calculate the remainder when o is divided by z.
0
Suppose 4*y + 8 = 3*g, 2*g - 1 = 5*y + 9. Let z = y + 3. Let k(w) = 16*w - 1. What is the remainder when 43 is divided by k(z)?
13
Let g(c) = 2*c**2 + 12*c + 1. Calculate the remainder when g(-9) is divided by 7.
6
Suppose -5*d - l = -143, 3*d + 3*l - 87 = 2*l. What is the remainder when d is divided by 8?
4
Let l(b) = -b**2 + 5*b + 4. Let m be l(6). Let d be m + (22 + 0)/(-2). Let k = 23 + d. What is the remainder when 29 is divided by k?
9
Suppose -5*z - 4*u + 96 = -3*z, 5*z - 218 = u. What is the remainder when -1*(-3)/(3/z) is divided by 15?
14
Suppose -26 = 4*j + 10. Let f = 2 - j. What is the remainder when 32 is divided by f?
10
Let t(c) = -c**3 + 20*c**2 - 19*c + 17. What is the remainder when 48 is divided by t(19)?
14
Suppose -v = 5*l - 69 - 39, -3*v = -4*l + 94. Let j(b) = b**3 - 8*b**2 + 20*b - 17. Calculate the remainder when l is divided by j(5).
6
Let f = 2 + 5. Suppose -3*r = -23 - f. What is the remainder when 27 is divided by r?
7
Suppose -2*w + 843 = 3*w + s, -2*s = 4*w - 672. What is the remainder when w is divided by 43?
40
Let a = -32 + 56. Calculate the remainder when 71 is divided by a.
23
Let z be (-46)/(-4) - (-9)/(-6). Let w = -4 + z. What is the remainder when 22 is divided by w?
4
Suppose z - 15 = -3*t - 2*z, 3*t - 7 = 5*z. What is the remainder when 6 is divided by t?
2
Suppose 0 = n + 1 - 0. Let c = n + 1. Suppose 2*o + 2*o - 2*b - 16 = c, -4*o + 2 = 5*b. What is the remainder when 4 is divided by o?
1
Let a = 48 + -46. What is the remainder when 13 is divided by a?
1
Let p(z) = -z**3 + 8*z**2 + 8*z + 12. Let c be p(9). Suppose -g = -o - 4*o + 23, -c*o = g - 17. What is the remainder when 3 is divided by g?
1
Let s be (-1)/(1 + 0)*-43. Suppose -2*i - 3*f + 59 = 2*f, -3*i - 2*f + 72 = 0. Let j = s - i. What is the remainder when j is divided by 11?
10
Suppose 7*n = 2*n + 10. What is the remainder when ((-11)/n)/(1/(-2)) is divided by 4?
3
Let o be -2 - (-41 - 0 - 1). Suppose 3*w + o = -2*w. Let x = w + 11. Calculate the remainder when 7 is divided by x.
1
Let j = 5 + -3. Suppose -5*s - h + 19 = 0, -3*s + 2*h + 1 = -0*h. What is the remainder when s is divided by j?
1
Let m(i) = i - 14. Let s be m(9). Let t = -6 + 15. Let p = t + s. Calculate the remainder when p is divided by 3.
1
Suppose 0 = 5*l - l + 12. Let y(j) = -j**2 - 6*j - 3. Calculate the remainder when y(l) is divided by 5.
1
Suppose 3*q = -3*c + 5 + 13, q + 3*c - 12 = 0. Suppose 0*t + q*t - 111 = 0. Let m = -103 - -116. Calculate the remainder when t is divided by m.
11
Suppose 3*f + k - 17 = 0, -f - 5*k = -5*f + 29. Suppose 3*g = 2*j + 31, -j - f = -1. What is the remainder when 12 is divided by g?
5
Let x(a) = 5*a**2 + 3*a + 3. Suppose -2*k + 140 = 2*f, -2*k - 5*f = -7*f - 128. Calculate the remainder when k is divided by x(-2).
16
Let d = 256 + -73. Suppose -s + 189 = 3*n + n, -4*n = 3*s - d. What is the remainder when n is divided by 17?
14
What is the remainder when (-18)/(-12) - 46/(-4) is divided by 8?
5
Let g(q) = q**2 + 10*q + 11. What is the remainder when g(-13) is divided by 13?
11
Let a(c) = 3*c - 12. Suppose -5*o + 3*o + 14 = 0. What is the remainder when 16 is divided by a(o)?
7
Let z be 3/(-4) - (-693)/44. Let i = z + -7. What is the remainder when 23 is divided by i?
7
Calculate the remainder when 5 + (-5)/5*-117 is divided by 31.
29
Suppose 7*d + 84 = 28*d. What is the remainder when d is divided by 1?
0
Let i be (2 + (1 - 1))*-19. Suppose 10*f = 5*f + 280. What is the remainder when f is divided by (i/3)/((-4)/6)?
18
Let i(w) = w**3 + 11*w**2 + 9*w - 3. Suppose 5*s - 4*s = -5*n + 4, n = 3*s - 12. What is the remainder when i(-10) is divided by s?
3
Let z = 324 + -207. What is the remainder when z is divided by 24?
21
Let u(i) = i**3 - 11*i**2 + 19. What is the remainder when u(11) is divided by 8?
3
Let x be (4/5)/(5/25). Suppose 5*k + 5*c = -5, -3*k - c = -x - 3. Calculate the remainder when 7 is divided by k.
3
Let l = -94 - -103. What is the remainder when ((-3)/(-2))/(1/10) is divided by l?
6
Let f be 2/5 + 399/15. Let u = f + 2. Calculate the remainder when u is divided by 10.
9
Calculate the remainder when (-3)/(-7) - (-148)/14 is divided by 6.
5
Suppose -3*m + 15 = 0, 90 = 5*j + 3*m + 2*m. Calculate the remainder when j is divided by 4.
1
Let h = -12 + 15. Suppose -h*b + 21 = -2*b. What is the remainder when b is divided by 8?
5
Let h be 8/(-20) - 204/(-10). Suppose -5*k + h = 2*x - 12, -k = -2*x + 32. What is the remainder when 28 is divided by x + -1 + 0/7?
13
Let r(q) = -4 - 8*q - 2 + 1 + q**2 + 0. Let u(n) = n**3 + 5*n**2 + 2*n + 2. Let a be u(-4). What is the remainder when 43 is divided by r(a)?
13
Let f(p) = p**3 - 2*p - 1. Calculate the remainder when 56 is divided by f(3).
16
Let o(l) = l**2 + 7*l + 2. Let j be o(-7). Let g be j - 2*(-1)/2. Suppose -g*p + 36 = 6. Calculate the remainder when 18 is divided by p.
8
Suppose -2*t + 6*t = 128. Calculate the remainder when t is divided by 10.
2
Suppose 5*r + 3 = -2, -5*x = 4*r - 16. Suppose 2*m = z + 4*z - 7, 2*m = 8. Calculate the remainder when x is divided by z.
1
Let s(w) = -36*w - 7. Calculate the remainder when s(-4) is divided by 28.
25
Suppose -4*u = -5*u + 18. Calculate the remainder when 34 is divided by u.
16
Let p = -13 - -15. What is the remainder when p is divided by 1?
0
Suppose 0*w + 64 = 2*w. Suppose -3*a + 4 + w = 0. Let n = 35 - 13. Calculate the remainder when n is divided by a.
10
Let d(c) = 8*c**2 - 5*c + 5. What is the remainder when 79 is divided by d(2)?
25
What is the remainder when (-16)/(-20)*70/4 is divided by 9?
5
Let i(y) be the second derivative of -y**4/12 + 3*y**3/2 - y**2/2 - 3*y. Calculate the remainder when 32 is divided by i(3).
15
Let q be (-2 - 5/2)*-2. Let t(d) = d**3 - 8*d**2 - 6*d + 1. Suppose -50 = 2*l - 7*l. Calculate the remainder when t(q) is divided by l.
8
Suppose 0 = -5*z - 20, -z - 8 = 2*h + 16. Suppose -7*u - 19 - 9 = 0. What is the remainder when 5 is divided by h/u + 15/10?
1
Let k be 1 + 1/1*-21. Suppose 0 = -v + 3*v - 62. Let g = k + v. What is the remainder when 31 is divided by g?
9
Let m = 63 + -43. Calculate the remainder when 72 is divided by m.
12
Let l = 58 - 24. Let q = l - 7. Let v(x) = 13*x**2 + x. What is the remainder when q is divided by v(1)?
13
Let k(j) = -j**3 - 20*j**2 - 25*j - 19. What is the remainder when k(-19) is divided by 12?
11
Suppose 0 = -5*y + r + 6 + 7, 4*y = r + 10. Suppose -55 = -y*i + 80. What is the remainder when i is divided by 16?
13
Suppose 0*g + 3*g - 129 = 0. Suppose 2*x = -i + 4*i - 51, -4*i + x = -63. What is the remainder when g is divided by i?
13
Let z = -73 - -125. Suppose -2*s + 33 + 45 = 0. Suppose -4*w + 5*k = -62, -4*w + s = 5*k - 43. Calculate the remainder when z is divided by w.
16
Let y(a) = 5*a + 2. Calculate the remainder when y(6) is divided by 15/(-10)*(-102)/9.
15
Let g be (1*51)/1*1. Suppose 0*m - g = -3*m. Calculate the remainder when m is divided by (-1)/3 - (-32)/6.
2
Suppose 13 + 33 = 3*f - z, -2*z = -3*f + 50. What is the remainder when 139 is divided by f?
13
Let m(d) be the first derivative of -6*d - 2*d**2 - 3*d + 0 + 3*d**2 - 2. What is the remainder when 21 is divided by m(10)?
10
Let b = 85 - 59. What is the remainder when 103 is divided by b?
25
What is the remainder when 81 is divided by (-36)/9 - 25/(-1)?
18
Calculate the remainder when (6/18)/((-2)/(-120)) is divided by 8.
4
Let v = -1 - -11. What is the remainder when 27 is divided by v?
7
Suppose 5*p - 9 = -4. Suppose -1 = -w - 2*r, -w - r - 5 = -p. What is the remainder when (-6)/27 - 587/w is divided by 22?
21
Let g = -18 + 25. Suppose -5*i = -3*i - 8. What is the remainder when g is divided by i?
3
Let z(f) = -f**2 + 5*f + 2. Let n be z(5). Suppose 3*r = n*r - 3. What is the remainder when (-3)/((-93)/30 - r) is divided by 16?
14
Suppose -11 = l - 3*o, o + 2*o + 13 = -2*l. Let g = l + 18. Suppose 3*y - 95 = -8. What is the remainder when y is divided by g?
9
Let u be -1